ulate s(5).
13
Let w(b) = 5051*b - 35230. What is w(7)?
127
Let h(l) = 252025*l - 756076. What is h(3)?
-1
Let i(h) = -372961*h - 1118884. What is i(-3)?
-1
Let x(f) = f**3 + 29*f**2 - 47*f - 917. Calculate x(-30).
-407
Let j(x) = -2*x**3 - 19*x**2 - 146*x - 2575. Give j(-12).
-103
Let v(y) = -y**3 - 20*y**2 + 154*y + 52. Determine v(6).
40
Let k(o) = -o**2 + 768*o - 120966. Determine k(220).
-406
Let v(j) = 69*j**2 + 2192*j - 122. Give v(-32).
390
Let j(i) = -2*i**2 + 43*i + 1601. Calculate j(41).
2
Let f(u) = -8782*u - 544480. Give f(-62).
4
Let m(z) = 3*z**3 + 2180*z**2 + 1648*z + 142294. What is m(-726)?
-2
Let w(t) = -5*t**3 - 47*t**2 + 1545*t - 54. What is w(-23)?
383
Let m(n) = -169*n + 8607. Determine m(52).
-181
Let k(r) = 3*r**3 - 1020*r**2 - r + 346. Give k(340).
6
Let x(g) = -15*g**3 - 74*g**2 - 85*g + 13. Calculate x(-3).
7
Let z(l) = 728*l - 66931. Determine z(92).
45
Let t(y) = y**3 - 517*y**2 + 6056*y + 2015. What is t(505)?
-5
Let t(i) = -513*i + 80183. Determine t(155).
668
Let l(g) = -2681*g + 10037. Calculate l(5).
-3368
Let f(m) = -5*m**3 - 17*m**2 + 370*m + 1487. What is f(-4)?
55
Let i(s) = -6261*s + 168975. Calculate i(27).
-72
Let g(r) = 3505*r + 45897. Calculate g(-11).
7342
Let i(g) = -g**3 - 32*g + 184. Calculate i(4).
-8
Let f(n) = n**3 + 1277*n**2 - 563566*n - 61718. Give f(-1624).
-6
Let u(p) = 14332*p - 415620. Calculate u(29).
8
Let f(a) = -19*a**3 + 232*a**2 - 13*a + 302. Determine f(12).
722
Let y(w) = w**3 - 27*w**2 - 201*w + 12. Determine y(-5).
217
Let q(g) = -5*g**2 - 291*g - 3473. Calculate q(-43).
-205
Let k(l) = -37086*l + 74167. What is k(2)?
-5
Let o(k) = -5*k**3 - 67*k**2 + 627*k + 628. Calculate o(7).
19
Let h(u) = -1237*u - 24706. Calculate h(-20).
34
Let m(j) = 22*j**3 + 1166*j**2 - 1227*j + 61. Calculate m(1).
22
Let t(g) = -12*g**2 + 8722*g + 70568. What is t(-8)?
24
Let p(g) = 1027847*g + 7194949. Calculate p(-7).
20
Let l(y) = 2*y**2 + 27832*y - 3481914. Determine l(124).
6
Let d(p) = -10*p**2 - 29*p + 1288. Calculate d(10).
-2
Let c(f) = 2*f**3 + 77*f**2 + 1598*f + 12136. What is c(-13)?
-19
Let p(l) = 19270*l + 115726. Determine p(-6).
106
Let r(h) = 5*h**2 + 226*h - 1399. Give r(6).
137
Let r(z) = 5269*z - 89566. Give r(17).
7
Let t(y) = 12*y**2 - 104*y - 1019. Calculate t(-8).
581
Let q(o) = -2*o**2 - 685*o - 46876. What is q(-248)?
-4
Let f(k) = 569*k**2 + 51*k - 51. Determine f(1).
569
Let c(p) = 4915*p - 34038. Calculate c(7).
367
Let n(d) = -203*d + 6949. Determine n(32).
453
Let b(d) = 3*d**2 + 1136*d + 73663. Give b(-84).
-593
Let u(t) = 11*t**2 - 15*t - 29. Give u(-3).
115
Let o(m) = m**3 + 15*m**2 - 35*m - 236. Determine o(-15).
289
Let w(s) = s**2 - 18622*s - 559559. What is w(-30)?
1
Let k(u) = -u**2 - 35*u - 69. Calculate k(5).
-269
Let i(s) = -2*s**2 + 59032*s - 3005455. Determine i(51).
-25
Let r(l) = -18*l**2 - 10*l + 1224. What is r(7)?
272
Let y(s) = 7*s**2 + 280*s - 8851. Give y(-56).
-2579
Let k(a) = -137576*a - 1926075. Calculate k(-14).
-11
Let s(n) = 48*n**2 - 17*n + 69. Give s(3).
450
Let n(y) = -2*y**2 + 16067*y - 4057253. Give n(261).
-8
Let z(y) = -3*y**3 - 218*y**2 + 286*y - 982. Determine z(-74).
-242
Let l(n) = -n**3 + 51*n**2 - 126*n - 110. Give l(49).
-1482
Let d(v) = -109*v + 7394. What is d(55)?
1399
Let r(j) = 9862*j + 167659. Determine r(-17).
5
Let r(q) = q**3 + 11*q**2 - 389*q - 25. Calculate r(15).
-10
Let b(o) = -o**2 + 125*o - 450. What is b(125)?
-450
Let b(f) = 454*f + 12540. Calculate b(-28).
-172
Let z(r) = 307*r - 21478. Determine z(70).
12
Let z(q) = 24*q**2 - 57*q - 510. Calculate z(6).
12
Let w(o) = -480558*o - 11533388. Give w(-24).
4
Let l(a) = -3*a**3 + 121*a**2 - 37*a - 190. What is l(40)?
-70
Let n(v) = 16111*v + 531657. Calculate n(-33).
-6
Let u(q) = 22*q**2 + 262*q - 1167. Give u(4).
233
Let k(u) = -u**3 + 222*u - 16. Determine k(0).
-16
Let f(j) = -1446*j + 8836. What is f(6)?
160
Let x(g) = 5*g**3 + 12*g**2 + 23*g - 143. What is x(5)?
897
Let d(z) = -28*z**2 + 116*z - 1116. Give d(6).
-1428
Let t(v) = -2*v**2 - 244*v + 21871. Calculate t(-182).
31
Let h(w) = -w**3 - 248*w**2 + 81351*w - 1128. What is h(187)?
-6
Let t(r) = 56*r + 2108. Calculate t(-87).
-2764
Let i(g) = 839787*g + 36950638. What is i(-44)?
10
Let m(i) = -102776*i - 1233238. What is m(-12)?
74
Let l(u) = 1083*u + 3391. Calculate l(-3).
142
Let j(p) = -665*p + 15415. Determine j(23).
120
Let m(z) = -582*z + 181517. Determine m(312).
-67
Let n(d) = -2*d**2 - 57*d + 397. What is n(32)?
-3475
Let q(d) = -7*d**2 + 77*d + 154. Determine q(-2).
-28
Let o(l) = -96*l - 7788. What is o(-83)?
180
Let o(k) = 16*k**2 - 601*k + 220. Determine o(36).
-680
Let s(x) = -x**3 + 469*x**2 - 950*x + 7442. Give s(467).
-30
Let r(j) = 9510*j**2 + 475501*j + 45. Determine r(-50).
-5
Let f(h) = -h**2 + 88028*h - 616157. Give f(7).
-10
Let x(w) = 2497*w - 769087. Calculate x(308).
-11
Let u(y) = -2*y**3 - 30*y**2 - 3085*y - 42791. What is u(-14)?
7
Let f(l) = 301436*l - 5727280. What is f(19)?
4
Let z(g) = 196*g + 27784. What is z(-142)?
-48
Let m(n) = -78*n**3 + 1001*n**2 + 181*n - 96. Give m(13).
60
Let x(c) = -c**2 - 73*c + 2003. Determine x(-98).
-447
Let i(g) = -2*g**3 + 81*g**2 - 1867*g + 83690. What is i(42)?
-16
Let i(f) = 19914*f + 1214705. What is i(-61)?
-49
Let c(f) = 4700*f + 1739010. Give c(-370).
10
Let q(n) = n**3 - 47*n**2 + 174*n - 91. Give q(43).
-5
Let h(a) = 4*a**2 + 95*a - 487. What is h(4)?
-43
Let r(n) = 2*n**2 + 482*n + 28846. Give r(-130).
-14
Let j(o) = 8*o**3 + 108*o**2 - 280*o - 4327. Determine j(-13).
-11
Let w(i) = -i**3 + 76*i**2 - 378*i - 2799. Give w(-4).
-7
Let h(o) = 246736*o + 740167. Determine h(-3).
-41
Let z(v) = 618*v - 3816. Determine z(6).
-108
Let t(g) = -597*g - 111785. What is t(-187)?
-146
Let g(s) = -437*s + 1707. Give g(3).
396
Let w(f) = -16*f**3 + 17*f**2 + 291*f + 274. Determine w(-1).
16
Let g(v) = 20*v**3 + 6*v**2 + 5579*v + 16736. Give g(-3).
-487
Let g(k) = -53*k**3 - 357*k**2 - 364*k - 8. Give g(-1).
52
Let b(r) = -r**3 - 22*r**2 + 293*r + 6198. Give b(-23).
-12
Let m(j) = j**3 - 220*j**2 - 823*j + 228138. Calculate m(219).
-60
Let f(i) = -i**2 + 229*i + 11672. What is f(-43)?
-24
Let k(n) = -24917*n - 398794. Determine k(-16).
-122
Let u(q) = 10*q**3 - 852*q**2 + 139*q + 210. What is u(85)?
-2425
Let o(b) = 90*b**2 + 96*b - 269. Calculate o(3).
829
Let o(n) = 5*n**2 + 91*n + 490. What is o(-9)?
76
Let n(p) = 11*p**2 - 3380*p - 3380. Determine n(-1).
11
Let f(n) = 2*n**3 - 49*n**2 + 300*n + 41. Determine f(13).
54
Let w(u) = -6*u**2 + 473*u - 6401. What is w(13)?
-1266
Let o(a) = 33*a + 44. What is o(4)?
176
Let i(j) = 680*j + 9804. Determine i(-14).
284
Let b(i) = i**3 - 16*i**2 + 488*i - 8215. What is b(16)?
-407
Let n(m) = -334*m + 38282. Give n(112).
874
Let k(n) = n**3 + 30*n**2 - 5*n - 217. What is k(-30)?
-67
Let u(h) = -h**3 + 51*h**2 + 317*h - 3367. Calculate u(56).
-1295
Let i(t) = 4*t**2 - 801*t + 3219. Give i(4).
79
Let i(o) = o**3 - 262*o**2 + 1812*o - 215. Calculate i(7).
-26
Let a(v) = 591*v + 604. Determine a(-1).
13
Let b(v) = 8549*v - 829247. Calculate b(97).
6
Let w(o) = o**2 + 9*o - 3521. Calculate w(55).
-1
Let i(f) = 6*f**3 - 29*f**2 - 22*f - 116. Calculate i(6).
4
Let q(s) = 2421*s - 1036186. What is q(428)?
2
Let v(q) = -251*q - 20196. What is v(-80)?
-116
Let j(t) = t**3 + 583*t**2 - 8355*t - 48. Calculate j(14).
-6
Let t(f) = 1991*f + 13976. Determine t(-7).
39
Let w(n) = 902283*n + 21654786. Calculate w(-24).
-6
Let p(m) = -58*m**2 + 580*m - 533. What is p(9)?
-11
Let a(z) = -1684*z + 19141. Calculate a(10).
2301
Let p(w) = -3*w**3 - 3*w**2 + 1188*w - 4355. What is p(-22)?
1
Let w(q) = 10*q**3 + 820*q**2 - 8*q - 735. What is w(-82)?
-79
Let p(y) = y**2 - 766*y + 134299. Determine p(272).
-69
Let r(x) = -x**3 + 428*x**2 - 4468*x - 6286. What is r(12)?
2
Let c(j) = j**3 + 54*j**2 + 43*j - 420. Give c(-53).
110
Let u(r) = 4*r**3 + 21*r**2 - 306*r - 1776. What is u(-6)?
-48
Let c(t) = -t**2 + 6782*t - 115018. Calculate c(17).
-13
Let a(s) = -s**3 - 54*s**2 + 269*s - 657. Calculate a(-59).
877
Let x(b) = -b**2 - 389*b + 15351. What is x(36)?
51
Let v(c) = -21*c**3 + 1110*c**2 + 166*c - 362. What is v(53)?
9
Let w(t) = 60105*t - 240108. What is w(4)?
312
Let r(s) = -s**3 - 58*s**2 - 62*s - 1084. Give r(-57).
-799